3*p(w). What is the units digit of a(-4)?
9
Let i(l) = 9*l + 7. Let j(p) be the first derivative of 2*p**2 + 3*p - 2. Let b(u) = -2*i(u) + 5*j(u). What is the units digit of b(4)?
9
Let i = 236 + -94. What is the units digit of i?
2
Let o(j) = -10*j**2 - 6 - 2 + 9*j + 3 + j**3. Let x(h) = 3*h**3 - 31*h**2 + 28*h - 14. Let n(i) = -7*o(i) + 2*x(i). What is the units digit of n(7)?
7
Suppose 60*i = 59*i + 241. What is the hundreds digit of i?
2
Let b(z) be the third derivative of z**6/120 + 7*z**5/60 + z**4/8 - 4*z**3/3 - 2*z**2. Let q be b(-6). Suppose 2 = -2*v + q. What is the units digit of v?
4
Let y = -96 + 186. Suppose -3*m - y = -6*m. What is the tens digit of m?
3
Let r(h) = 17*h**2 - h + 1. Let m be r(1). Suppose -2*p + 11 = -p + 3*k, -4*p - 3*k = -m. What is the units digit of p?
2
Suppose -2*o - 2*o = -3*r - 738, -r = o - 188. What is the hundreds digit of o?
1
Let s(m) = 22*m + 5. Let a(o) = 1. Let z(u) = -6*a(u) + s(u). What is the units digit of z(1)?
1
Suppose 0 = -5*d + 15, 5*f = f + 4*d + 4. Suppose -4*a = -g + 20, -4*g = f*a + 9 + 11. Let k(p) = -2*p + 3. What is the tens digit of k(a)?
1
Suppose 0*t + 968 = 4*t - 2*a, 5*t = 3*a + 1208. What is the tens digit of t?
4
Let o(j) = -2*j + 1. Let k(s) be the third derivative of s**4/24 + 2*s**2. Let u(f) = -3*k(f) - o(f). What is the units digit of u(-5)?
4
Suppose 4*f + 37 = -71. Let c = f - -46. What is the units digit of c?
9
Let j(w) = -5*w**2 + 2*w + 2. Let m be j(-3). Let d = 76 + m. What is the tens digit of d?
2
Let y(a) be the third derivative of -a**6/120 - a**5/6 + 3*a**4/8 - 2*a**3 - 8*a**2. What is the tens digit of y(-11)?
1
Let q(v) = 19*v. What is the tens digit of q(1)?
1
Let i = -11 - -20. Let d = i + -5. What is the units digit of (d - -2)*(-2)/(-4)?
3
What is the tens digit of (-1 - 7)*13/(-4)?
2
Let p be ((-8)/(-6) - 1)*21. Suppose -p = b + 4*l + l, 0 = -4*b - 5*l + 32. Let g = -5 + b. What is the units digit of g?
8
Let r(b) = 5*b**2 - 15*b + 22. What is the units digit of r(6)?
2
Let s(i) = -i**2 + 4*i + 5. Let a be s(5). Suppose -3 = -0*z - 4*z + 3*u, -z - 4*u + 15 = a. Suppose z = -x + 4. What is the units digit of x?
1
Let q be (-2 + 5/3)*-12. Suppose -3*k = -q*z - 86, 4*z - 3*z = 5*k - 115. What is the units digit of k?
2
Let y = -51 - -118. What is the tens digit of y?
6
Suppose 0 = -5*v + 840 + 420. What is the tens digit of v?
5
Let o = 11 + 2. Suppose -5*b + v = -110, 9 = 2*b + 4*v - o. What is the tens digit of b?
2
Suppose -5*f + 2*n + 24 = 0, -4*n = -4*f - 3*n + 21. Let b = f - 4. Suppose -b*g + 1 = -1. What is the units digit of g?
1
Let r(b) = 8*b**2 - 5. What is the units digit of r(3)?
7
Suppose 0 = l + 5*w + 5 + 7, 4*l - 3 = -3*w. Suppose 0 = -m + a + 3, m + a = -m + l. What is the units digit of 5 + 1*(m - 4)?
3
Suppose -3*k - 12 = 0, -3*z + k = 2*z - 19. Suppose z*y - 12 = -y. Suppose -2 + 5 = y*t. What is the units digit of t?
1
Suppose 0 = 3*q + 2*r - 51, 4*q - 2*r = -0*r + 68. What is the tens digit of q?
1
Suppose 4*m + 8 = 0, 2*h - 5*m + 0*m - 76 = 0. Let l(n) = -4*n + 7. Let y be l(-5). Suppose -5*r + y = -h. What is the units digit of r?
2
Let m(a) = a**2 + 7. Let f be m(0). Let p = f - -5. What is the tens digit of p?
1
Let o be 228/15 + 1/(-5). Suppose -2*p + p = -o. What is the tens digit of p?
1
Let t(q) be the first derivative of -q**4/4 + 2*q**3 - 3*q**2/2 - 4*q + 1. Let g(c) = -c**2 - 9*c - 9. Let r be g(-7). What is the units digit of t(r)?
6
Let r = 4 - 0. What is the units digit of (-1)/((r/(-9))/4)?
9
Let u(i) = -i**3 - 11*i**2 - 12*i - 3. Let q be ((-6)/4)/(2/12). Let v(j) = -j**3 - 8*j**2 + 9*j - 10. Let c be v(q). What is the tens digit of u(c)?
1
Let u be (-26)/(-3) + 4/12. Let m(n) = -n**2 + 7*n + 2. Let y be m(u). Let k = y + 27. What is the tens digit of k?
1
What is the units digit of 9*(-4 + -2)*-1?
4
Suppose 0 = -2*y + 6*y - 16. Suppose k - 4 = y. What is the units digit of k?
8
What is the units digit of (0 - 16)*92/(-16)?
2
Let v be (-3 + 9/3)/2. Suppose -71 = 5*w - 16. Let o = v - w. What is the units digit of o?
1
Let d(q) be the third derivative of -q**7/840 + q**6/72 + 7*q**5/120 + q**3/6 + q**2. Let t(i) be the first derivative of d(i). What is the units digit of t(6)?
6
Let p = -112 - -317. Suppose 0*h = -5*h + p. What is the tens digit of h?
4
Let a(u) = -u**3 + 9*u**2 - u + 3. Let x be a(8). Suppose 0 = 4*s - 3*l - x, -s + 38 = 2*s - l. What is the tens digit of s?
1
Suppose -4*p - 12 = 0, d + 3*p + 3 = 1. Let c = d + 7. What is the units digit of c?
4
Let d be -1 - (3 + 33*-1). Let t(c) = -2*c - 6. Let k be t(-5). Suppose 0*j + d = 3*j + k*y, -3*j + 32 = y. What is the tens digit of j?
1
Suppose 5*q - 12 = 2*q. Suppose -q*d = -9*d + 5. Suppose -19 = -w - d. What is the units digit of w?
8
Suppose 2*m - 724 + 118 = 0. What is the hundreds digit of m?
3
Suppose -5*y - o - 130 = 0, 5*o + 0 - 52 = y. Let p = -8 - y. What is the tens digit of p?
1
Let z = -3 - -142. What is the units digit of z?
9
Suppose -2*h + 3*h - 6 = -3*u, -3*u + 18 = -3*h. Suppose 47 = u*t - 64. What is the tens digit of t?
3
Let t be (-3 - -1) + 9*2. Let o = -3 + t. What is the units digit of o?
3
Let c(m) = 9*m + 85. What is the tens digit of c(19)?
5
Let c(t) = 2*t + 8. What is the units digit of c(0)?
8
What is the units digit of 58/7 + ((-8)/28 - 0)?
8
Suppose 3*u - 1 = 14. Let h = -3 + 4. Suppose 0 = u*p + h - 96. What is the tens digit of p?
1
Let v = 15 + -12. Suppose -v*a + 78 = 2*h - 3*h, -3*h + 116 = 5*a. What is the units digit of a?
5
Suppose -5*p - 4 + 29 = 0. Suppose -4*q + 6 + 4 = -2*l, 0 = 4*q + 4*l - 16. Suppose -q*b - 8 = -p*b. What is the units digit of b?
4
Suppose -4*r + 0*g - 16 = 2*g, 4*g = -3*r - 2. Let m be ((-8)/r)/(4/24). Suppose -4 = -m*t + 7*t. What is the units digit of t?
4
Let t = -116 - -227. Suppose 0 = a + 3*a - 5*g - t, 2 = 2*g. What is the tens digit of a?
2
Let q(z) = 2*z - 2. Suppose 27 + 15 = -3*a. Let y be (-24)/a - 6/(-21). What is the units digit of q(y)?
2
Let v(i) = -2*i**3 - 7*i**2 - 3*i. Let h be v(-5). Suppose g = -4*g + h. What is the units digit of g?
8
Suppose -3*j - 3*i - 27 + 612 = 0, 219 = j - 5*i. What is the hundreds digit of j?
1
Suppose 3*b - 5*x + 46 = 7*b, 4*b - 2*x = 60. Let z(j) = j**3 - 8*j**2 - 8*j - 5. Let q be z(9). What is the units digit of 24/b + q/14?
2
Suppose -2*n = -2*c - 34, 4*n - 2*n + 4*c - 34 = 0. Let g = -10 + n. What is the units digit of g?
7
Let u(i) = i**3 + 9*i**2 - i - 7. What is the units digit of u(-8)?
5
Let m(r) = 1. Let v(g) = -g + 12. Let h(n) = -3*m(n) + v(n). What is the units digit of h(0)?
9
What is the units digit of 2/11 + 592/11?
4
Let f = 4 - 0. Let h be 74/6 + 1/(-3). Suppose -4*n + h = f. What is the units digit of n?
2
Let r = 84 - 153. Let j = 106 + r. What is the tens digit of j?
3
What is the units digit of (4 + -1)/(12/56)?
4
What is the tens digit of 7939/34 - (-2)/(-4)?
3
Suppose -u - 60 = 4*u. Let w = -9 - -34. What is the units digit of 3/u + w/4?
6
Suppose -3*y - 8 = 25. Let x be -2 - (1 + y - 0). Let n = x - 3. What is the units digit of n?
5
Let g(k) be the second derivative of k**3/3 - 5*k**2/2 + k. What is the units digit of g(7)?
9
Let i = -67 + 288. What is the hundreds digit of i?
2
Let h(j) = -13*j - 8*j + 83 - 81. What is the units digit of h(-2)?
4
Let f(z) = -16*z. What is the tens digit of f(-1)?
1
Suppose -2*k + 86 = 3*m, 0 = -2*m + 2 + 6. What is the tens digit of k?
3
Let s = -25 + 118. What is the tens digit of s?
9
Suppose 0*f = -f + 4. Let b = -51 + 69. What is the units digit of f/(-6)*b/(-4)?
3
Let r be 3/6 + 18/(-4). Let m be (1 - r)*(-6)/15. What is the units digit of (-2 - -6) + m + 3?
5
Let o(h) = 10*h**2 - h. Suppose -z + 3 = 2. What is the units digit of o(z)?
9
Let d = 3 - 1. Suppose 0 = -d*p + 3*p - 21. Suppose 3*m - 8 = 4*l + 15, -4*m - 5*l - p = 0. What is the units digit of m?
1
Suppose 2 = 3*k - 4. Suppose k*t = -3*t, a = -5*t - 1. Let n = a - -3. What is the units digit of n?
2
Suppose 0 = -r + 3*i + 161, 4*r - 676 = -i + 5*i. What is the tens digit of r?
7
Suppose 6*l - 32 = 262. What is the units digit of l?
9
Let a = 31 - 15. What is the units digit of a?
6
Let m(b) = -140*b + 5. What is the units digit of m(-1)?
5
Let y = 1 - -2. What is the units digit of y?
3
Suppose 2*f - p = -4*p + 2